site number?
True
Is (-1718118)/(-108)*4/2 a prime number?
True
Is ((-64)/48)/((-2)/3)*191 a prime number?
False
Let t = 32 + -32. Suppose t*z = 4*z - 10012. Is z composite?
False
Suppose -p = s - 8913, -4*p = -2*p + 8. Is s prime?
False
Suppose 28 + 2 = 2*i. Suppose 0 = -2*b - 2*a + 4 - 0, -i = 5*a. Suppose -u - 34 = -b*z + 156, 84 = 2*z - 2*u. Is z prime?
True
Let c = -50 + 50. Suppose 0 = 2*j + n - 510, 3*n = 2*j - c*n - 502. Is j prime?
False
Suppose 5*w - 4000 - 2805 = 0. Is w composite?
False
Suppose 0 = -5*n + 5*j + 3110, -4*j + 910 - 2775 = -3*n. Is n composite?
True
Suppose -2*p - 4*k - 2 = -p, -5*p - 2*k = -8. Suppose -2*m + p = -5*s, -6*m + m = -s - 5. Suppose s = 2*o - 4*o + 230. Is o a prime number?
False
Let y be ((-5)/15)/(1/3). Let t be (63/(-35))/(y/15). Is 4/6 - (-2601)/t prime?
True
Suppose 5*d - 2*d = 114. Suppose 2*m = t - 18, m - d = -2*t + 3*m. Suppose 2*i = -2*i - t, -4*h + 1192 = 4*i. Is h a prime number?
False
Let m = 8 - 0. Let d(a) = 2*a - 6. Let u be d(6). Is u*44/m - 2 a composite number?
False
Is (3/(-2))/(-1)*1470206/69 a prime number?
False
Let m(b) be the second derivative of -41*b**5/60 - b**4/24 - 7*b**3/6 - 4*b. Let g(o) be the second derivative of m(o). Is g(-5) prime?
True
Let b be (-4 - -3 - -5)/2. Let f be (1 + -2)*b*-1. Suppose -f*q - 1950 = -2*m + 2*q, -2*m = 2*q - 1974. Is m prime?
True
Let c = 858 + 3049. Is c prime?
True
Suppose -5*g + 5*c = 10*c - 316500, -63310 = -g + 9*c. Is g composite?
True
Let t = -1679 + 6006. Is t composite?
False
Let b = -11 - -9. Let x = -2 + b. Let h(a) = 6*a**2 - 2*a - 1. Is h(x) a prime number?
True
Let q = -6359 - -10600. Is q composite?
False
Suppose 13*k - 38768 = 2819. Is k a prime number?
False
Suppose 0 = 5*c - r - 8, 0 = 4*c - 0*r + 2*r - 12. Suppose j = c, -5*p = 3*j + j - 23. Suppose -4*w = -p*w + 4*n - 801, 796 = w - n. Is w a prime number?
True
Let m be ((-4)/(-10))/((-8)/(-80)). Suppose -4*y = 5*w - 79 - 38, -m*w + 98 = y. Let x = w + 54. Is x a composite number?
False
Let o = -12 - -18. Suppose 0 = 4*c + 2*t - 2870, -t - t = o. Is c a composite number?
False
Let h(x) = x**3 + 12*x**2 - 5*x + 2. Let r(l) = -l**3 + 5*l**2 + 6*l - 8. Let n be r(6). Let p be h(n). Is -2*(-1)/4*p a composite number?
False
Let q = -926 + 1419. Is q a prime number?
False
Suppose -28*q = 24*q - 626028. Is q a prime number?
False
Is (-429205)/(-23) + (-58)/667 composite?
False
Let q = -78 + 58. Let t be (119 - (1 + 1))/1. Let a = t + q. Is a a composite number?
False
Suppose 3*p + 4*a = 18010, 3*p - 12004 = p - 2*a. Is p prime?
False
Let u(n) be the first derivative of n**3/3 - 15*n**2/2 - 10*n + 1. Let z be u(14). Is (11596/z)/13*-6 a prime number?
True
Suppose 4*m - 396 = -0*m. Let i = m + -12. Suppose 0 = -5*q + i + 98. Is q composite?
False
Suppose 2753 = 4*s - 8*j + 5*j, 3*s = -j + 2068. Is s composite?
True
Let b = 2 - -3. Let d be (b/10)/(1/6). Suppose n - 2*w - 149 = 0, n + d*w - w - 137 = 0. Is n a prime number?
False
Suppose -5*r + 216 = 2*c, -2*r = c + 2*r - 102. Is c a prime number?
False
Suppose -5*g = -3*z + 36014, 10*g = 5*g - 5. Is z a prime number?
False
Is (-989)/(-6)*3 - (-6)/(-4) a composite number?
True
Let s be (2/4)/(7/70). Is (254/(-5))/((-1)/s*2) a prime number?
True
Suppose 2*q + 1936 = -2*q. Let z = 145 - q. Is z prime?
False
Let r(w) = -2*w**3 - 8*w**2 - 7*w + 24. Let c be (-3 + (-4)/1)*1. Is r(c) composite?
False
Suppose -36808 - 68947 = -13*x. Is x a composite number?
True
Suppose -155*t + 162*t = 3745. Is t prime?
False
Suppose 0 = -2*h + 21 + 7. Let c(u) = -h + 7*u - 9*u + 0*u. Is c(-14) prime?
False
Let c(f) be the first derivative of 19*f**2 + 2*f + 10. Suppose 0 = -4*m + 30 + 18. Is c(m) a prime number?
False
Suppose -g + 6 = -5*g - 2*d, 0 = -5*g - 4*d - 6. Let q be g/(-3 - (-5709)/1905). Is (q/(-20))/(3/(-12)) a prime number?
True
Let k(p) = -p - 8. Let z be k(-7). Let l = -387 - -709. Is z/((-3 - -1)/l) composite?
True
Let u = 14 + 11. Let w = u + -23. Let a(j) = 21*j**3 - 3*j**2 + 3*j - 3. Is a(w) composite?
True
Suppose 3*x - 204 - 213 = 0. Suppose 0 = -2*r + 10, g - 4*r = -0*r + x. Is g prime?
False
Suppose -2*t + 4*r + 212 = 2*t, -138 = -3*t - 4*r. Let f(h) = 9 - 4 - 1 + t*h + 3. Is f(6) a composite number?
False
Let t(m) = -4*m - 8. Let z be t(-9). Suppose 0 = -0*j + 2*j - z. Suppose r + 4 = j. Is r composite?
True
Let j(a) = -a**3 + 14*a**2 + 4*a + 7. Let f = -43 - -49. Is j(f) composite?
True
Suppose 8*i + 421 = 9*i. Suppose -2*j - i = -1179. Is j a prime number?
True
Let w = -249 + 149. Is 5/(w/(-27976)) - 3/(-15) prime?
True
Suppose -w = -o + 1, 3 = -2*o + 5*w - 10. Let r = o + -1. Suppose -r*h + 357 = -218. Is h composite?
True
Suppose 0 = -b - 4*k + 27207, 10*b = 6*b - 3*k + 108776. Is b a prime number?
True
Is 477 - 0 - 3/(6/(-4)) a composite number?
False
Let s(i) = -6*i**3 - 6*i**2 + 13*i + 22. Is s(-9) composite?
False
Suppose -b + 51951 = 4*b + 3*v, -3*b - 3*v = -31173. Suppose 5*h - b = 2336. Is h prime?
False
Let z(j) = 114*j - 213. Is z(30) a prime number?
False
Let z = -16 - -51. Suppose z*o = 31*o + 76. Is o a composite number?
False
Let k be 5 - 3/(12/(-16)). Suppose 6*n + 6 = k*n. Is 1*158*1/n a composite number?
False
Let u(g) = 26*g - 45. Is u(26) a prime number?
True
Let m = -1019 - -2182. Is m composite?
False
Suppose 3*z - 7*u + 4*u = 20718, 27621 = 4*z - u. Is z a prime number?
False
Let u(m) = 1913*m - 383. Is u(8) a prime number?
False
Let a be -1*1*(-3 + -1). Let y(h) = -4*h + 26*h + 3 - 3*h + 16*h. Is y(a) a prime number?
False
Is -2*15/12*2 - -3576 a composite number?
False
Let n(w) = -3011*w**3 + 11*w + 11. Is n(-1) a composite number?
False
Suppose -426*b + 395*b = -24707. Is b a composite number?
False
Suppose 0 = -0*j + 16*j - 5168. Is j composite?
True
Suppose 5*z + 5*t = 30, 3*t + 4 = 5*z - 2. Suppose 0*q = -z*q + 921. Is q a composite number?
False
Let j be 524/20 - 2/10. Suppose -409 = -3*m + j. Is m a prime number?
False
Is (-256528)/(-64)*1*(-4)/(-1) prime?
True
Suppose -4*v - 690 = g + v, -2*g + 2*v - 1368 = 0. Let u = 2222 + g. Is u a prime number?
False
Let s = 2736 - 953. Is s composite?
False
Let v(r) be the second derivative of -r**4/4 + 26*r**3/3 - 8*r**2 + 15*r. Is v(15) a composite number?
False
Let a(q) = -q**2 + q. Let d(k) = 2*k**3 + 16*k**2 + k + 4. Let n(t) = -5*a(t) - d(t). Is n(-7) prime?
False
Let y(s) = 74*s - 25. Is y(7) a prime number?
False
Suppose 8 = 2*n - 8. Suppose -n*x + 3*x = -565. Is x a composite number?
False
Suppose -161*k - 11 = -160*k. Is (3 + -20)/(1/k - 0) a composite number?
True
Suppose -5*z - 17 = 3*a - 43, -25 = -3*a - 4*z. Let k = 14 - a. Is ((-185)/(-2))/(k/14) a prime number?
False
Is (-6)/(-39) + (-12)/((-312)/482530) composite?
True
Suppose 83*n - 118*n = -288995. Is n a composite number?
True
Suppose 0 = -4*n + 2 + 2, 5*t + 2*n = 27. Suppose -t*u = -46 - 314. Is (-16)/u - (-1604)/9 a composite number?
True
Suppose w - 3*w + 8 = 0, -4*p - 5*w + 12536 = 0. Let q = p - 1844. Is q a prime number?
False
Let i = -5773 + 10056. Is i a composite number?
False
Suppose 0 = 2*o + 10, -3*z - o + 5396 = -788. Is z a prime number?
True
Let n = 37 - 40. Is 1/(n - 3414/(-1137)) composite?
False
Suppose 0 = 5*b - 1861 - 1584. Let y(g) = 215*g + 2. Let k be y(2). Let u = b - k. Is u a composite number?
False
Let x be 4*(1 - 5 - 32131/44). Let u = 4126 + x. Is u a composite number?
True
Is ((-20966)/(-88))/(2/8) a composite number?
False
Let m be (3 + 89)*(3 - 4). Let g = 235 + m. Is g a composite number?
True
Is 4/((-40)/3785)*(1 + -3) prime?
True
Suppose 0*l + 7*l = 1813. Is l a prime number?
False
Suppose 5*m = 2*p - 15, p + m = -2 - 1. Suppose p*z + 2*z - 5630 = 0. Suppose -4*v - v = -z. Is v prime?
True
Suppose -1511 = -2*q - 3*g, g + g - 3805 = -5*q. Suppose 0 = 4*u - 4*r - 800, -5*u + 228 = 4*r - q. Is u composite?
False
Let o be ((-39)/(-26))/((-6)/(-484)). Suppose 3*w = j + 127 + 9, -4*j - o = -3*w. Is w composite?
False
Suppose 0 = 20*b - 19913 + 3133. Is b prime?
True
Suppose 3*d = d + c + 4877, 3*d - 7296 = -5*c. Is d a prime number?
True
Is (-7)/((-14)/23934) + 2 composite?
False
Let b = 375 + -220. Let x = b + -42. Is x composite?
False
Suppose -x + 1293 = 4*w - 6*w, 0 = -x + 4*w + 1297. Suppose 3839 = 3*r - 4*f + 9*f, r = 3*f + x. Is r prime?
True
Let d be 